nits digit of 2918140?
0
What is the units digit of 117380?
0
What is the thousands digit of 448572?
8
What is the millions digit of 2468420?
2
What is the thousands digit of 12783434?
3
What is the thousands digit of 592070?
2
What is the tens digit of 65314?
1
What is the hundreds digit of 381172?
1
What is the tens digit of 3153628?
2
What is the hundreds digit of 33288241?
2
What is the units digit of 1297891?
1
What is the units digit of 241379?
9
What is the hundred thousands digit of 5013597?
0
What is the hundred thousands digit of 502707?
5
What is the tens digit of 351059?
5
What is the millions digit of 1389517?
1
What is the tens digit of 548390?
9
What is the thousands digit of 234278?
4
What is the tens digit of 2099483?
8
What is the tens digit of 308909?
0
What is the units digit of 390278?
8
What is the units digit of 629757?
7
What is the ten millions digit of 18182941?
1
What is the hundred thousands digit of 912439?
9
What is the hundreds digit of 9388703?
7
What is the hundred thousands digit of 156685?
1
What is the hundred thousands digit of 2938840?
9
What is the hundred thousands digit of 6454722?
4
What is the ten thousands digit of 280497?
8
What is the millions digit of 3484100?
3
What is the tens digit of 3447290?
9
What is the ten thousands digit of 80082?
8
What is the millions digit of 1783609?
1
What is the tens digit of 1800543?
4
What is the units digit of 9479584?
4
What is the tens digit of 6340846?
4
What is the hundred thousands digit of 5717058?
7
What is the hundred thousands digit of 487142?
4
What is the units digit of 5630507?
7
What is the tens digit of 588025?
2
What is the thousands digit of 2436441?
6
What is the units digit of 2140166?
6
What is the hundred thousands digit of 6497127?
4
What is the hundred thousands digit of 388782?
3
What is the hundreds digit of 26634819?
8
What is the millions digit of 8953002?
8
What is the thousands digit of 6420477?
0
What is the thousands digit of 62677?
2
What is the ten millions digit of 14388555?
1
What is the tens digit of 98679?
7
What is the hundred thousands digit of 5094987?
0
What is the ten thousands digit of 157902?
5
What is the thousands digit of 4439016?
9
What is the ten thousands digit of 2054492?
5
What is the units digit of 2490?
0
What is the hundred thousands digit of 203633?
2
What is the thousands digit of 342926?
2
What is the ten thousands digit of 89843?
8
What is the units digit of 10500150?
0
What is the hundred thousands digit of 243703?
2
What is the tens digit of 2716491?
9
What is the thousands digit of 3980054?
0
What is the ten thousands digit of 110327?
1
What is the units digit of 22554?
4
What is the ten thousands digit of 13417564?
1
What is the thousands digit of 227247?
7
What is the tens digit of 278617?
1
What is the ten thousands digit of 6393746?
9
What is the millions digit of 1476870?
1
What is the ten thousands digit of 1043136?
4
What is the hundreds digit of 142764?
7
What is the hundred thousands digit of 120867?
1
What is the thousands digit of 4874148?
4
What is the hundred thousands digit of 236128?
2
What is the ten thousands digit of 9105828?
0
What is the hundred thousands digit of 17268146?
2
What is the thousands digit of 237881?
7
What is the thousands digit of 1267315?
7
What is the units digit of 612289?
9
What is the units digit of 27475495?
5
What is the thousands digit of 2414874?
4
What is the hundred thousands digit of 850851?
8
What is the units digit of 106253?
3
What is the tens digit of 325855?
5
What is the tens digit of 14256648?
4
What is the hundred thousands digit of 965161?
9
What is the thousands digit of 13301292?
1
What is the tens digit of 150782?
8
What is the thousands digit of 12592747?
2
What is the ten thousands digit of 747313?
4
What is the hundred thousands digit of 486887?
4
What is the hundred thousands digit of 23630961?
6
What is the tens digit of 2751190?
9
What is the hundreds digit of 12903551?
5
What is the units digit of 7962107?
7
What is the tens digit of 15190264?
6
What is the tens digit of 31413731?
3
What is the hundred thousands digit of 620855?
6
What is the tens digit of 4025043?
4
What is the hundreds digit of 484898?
8
What is the ten thousands digit of 29375871?
7
What is the hundreds digit of 4724509?
5
What is the millions digit of 4485360?
4
What is the hundreds digit of 355029?
0
What is the units digit of 8267344?
4
What is the thousands digit of 6363760?
3
What is the units digit of 155892?
2
What is the millions digit of 1281211?
1
What is the hundreds digit of 2126544?
5
What is the ten thousands digit of 632265?
3
What is the hundred thousands digit of 167611?
1
What is the millions digit of 2611615?
2
What is the ten thousands digit of 187481?
8
What is the hundreds digit of 367041?
0
What is the units digit of 9724713?
3
What is the tens digit of 1259590?
9
What is the thousands digit of 64340?
4
What is the ten thousands digit of 2850961?
5
What is the millions digit of 4938803?
4
What is the units digit of 310387?
7
What is the hundreds digit of 503197?
1
What is the units digit of 3188441?
1
What is the ten thousands digit of 1281272?
8
What is the ten thousands digit of 13729327?
2
What is the hundred thousands digit of 12997975?
9
What is the units digit of 176099?
9
What is the ten thousands digit of 1263486?
6
What is the units digit of 1873328?
8
What is the hundreds digit of 12837938?
9
What is the hundreds digit of 804697?
6
What is the hundreds digit of 2750257?
2
What is the ten thousands digit of 805344?
0
What is the units digit of 896601?
1
What is the ten thousands digit of 24256563?
5
What is the hundred thousands digit of 1172512?
1
What is the ten thousands digit of 1010301?
1
What is the hundreds digit of 200866?
8
What is the ten thousands digit of 12747568?
4
What is the millions digit of 1195068?
1
What is the units digit of 75640?
0
What is the hundred thousands digit of 7539440?
5
What is the hundreds digit of 967856?
8
What is the hundred thousands digit of 984511?
9
What is the hundreds digit of 18066231?
2
What is the hundred thousands digit of 2171553?
1
What is the ten thousands digit of 8135505?
3
What is the hundred thousands digit of 540422?
5
What is the millions digit of 1410120?
1
What is the ten thousands digit of 4551683?
5
What is the hundreds digit of 7814033?
0
What is the units digit of 1231305?
5
What is the hundreds digit of 663590?
5
What is the tens digit of 360859?
5
What is the hundreds digit of 1999362?
3
What is the units digit of 53860?
0
What is the hundreds digit of 777641?
6
What is the hundred thousands digit of 115341?
1
What is the units digit of 7727755?
5
What is the ten thousands digit of 27522?
2
What is the ten thousands digit of 1813920?
1
What is the ten thousands digit of 56850?
5
What is the tens digit of 311782?
8
What is the units digit of 444679?
9
What is the thousands digit of 300383?
0
What is the thousands digit of 484763?
4
What is the units digit of 795897?
7
What is the units digit of 1567794?
4
What is the units digit of 1842296?
6
What is the millions digit of 1717065?
1
What is the millions digit of 1270938?
1
What is the hundreds digit of 3272875?
8
What is the units digit of 221282?
2
What is the hundred thousands digit of 1291667?
2
What is the ten thousands digit of 86976?
8
What is the hundreds digit of 522633?
6
What is the millions digit of 3575433?
3
What is the hundreds digit of 348447?
4
What is the ten thousands digit of 172390?
7
What is the thousands digit of 572271?
2
What is the hundreds digit of 189366?
3
What is the ten thousands digit of 206595?
0
What is the hundred thousands digit of 2099966?
0
What is the ten thousands digit of 80052?
8
What is the units digit of 161831?
1
What is the hundred thousands digit of 993630?
9
What is the thousands digit of 89847?
9
What is the tens digit of 4713796?
9
What is the hundreds digit of 265943?
9
What is the hundreds digit of 30738853?
8
What is the units digit of 252925?
5
What is the thousands digit of 9525986?
5
What is the tens digit of 680057?
5
What is the hundreds digit of 9783596?
5
What is the hundreds digit of 623590?
5
What is the hundred thousands digit of 22569554?
5
What is the unit